{"id":62,"date":"2018-11-07T00:46:06","date_gmt":"2018-11-07T00:46:06","guid":{"rendered":"http:\/\/villaverdemobiliario.com\/?page_id=62"},"modified":"2018-11-28T15:56:10","modified_gmt":"2018-11-28T15:56:10","slug":"principal","status":"publish","type":"page","link":"https:\/\/villaverdemobiliario.com\/","title":{"rendered":"PRINCIPAL"},"content":{"rendered":"<p><img loading=\"lazy\" class=\"size-medium wp-image-7 alignleft\" style=\"color: #747474; font-family: 'Open Sans', sans-serif; font-size: 14px;\" src=\"http:\/\/villaverdemobiliario.com\/wp-content\/uploads\/2018\/11\/fachada-300x143.jpg\" alt=\"\" width=\"300\" height=\"143\" srcset=\"https:\/\/villaverdemobiliario.com\/wp-content\/uploads\/2018\/11\/fachada-300x143.jpg 300w, https:\/\/villaverdemobiliario.com\/wp-content\/uploads\/2018\/11\/fachada.jpg 450w\" sizes=\"(max-width: 300px) 100vw, 300px\" \/><\/p>\n<p>Villaverde Mobiliario y Log\u00edstica<\/p>\n<p>Empresa ubicada en Burgos, en el P:I: de Villalonqu\u00e9jar, con m\u00e1s de 30 a\u00f1os de experiencia en el<br \/>\nsector del mueble, ba\u00f1o y descanso, dedicada a la elaboraci\u00f3n, distribuci\u00f3n y comercializaci\u00f3n de<br \/>\ntodo tipo de productos tanto para para peque\u00f1os y medianos comercios como para todo lo<br \/>\nrelacionado con el sector del CONTRACT, as\u00ed como todo tipo de instalaciones, residencias, hoteles&#8230;.<br \/>\nCon m\u00e1s de 15.000 referencias en stock en nuestro almac\u00e9n central nos encargamos de abastecer<br \/>\na todos nuestros clientes a trav\u00e9s de nuestra flota personal.<br \/>\nDesde nuestros or\u00edgenes como distribuidores, comercializamos dormitorios infantiles y juveniles,<br \/>\ndormitorios de matrimonio, salones, mueble auxiliar, mesas y sillas tanto de comedor como de<br \/>\ncocina, armarios, etc.<br \/>\nEsto nos ha permitido, ir desarrollando nuestras propias marcas:<\/p>\n<p>&nbsp;<\/p>\n<ul>\n<li><strong>NORCOLCH\u00d3N Y NATURBED<\/strong>:<br \/>\nTodo tipo de productos relacionados con el descanso, colchones, somieres, canap\u00e9s, almohadas,<br \/>\ncamas articuladas&#8230;<\/li>\n<li><strong>NORSOF\u00c1<\/strong>:<br \/>\nTodo tipo de productos relacionados con la tapicer\u00eda, sof\u00e1s, chaiselongue, butacas, sof\u00e1s cama,<br \/>\nrelax, powerlift<\/li>\n<li><strong>NORBATH:<\/strong><br \/>\nTodo tipo de productos relacionados con el mundo del ba\u00f1o, platos de ducha, mamparas, griferia&#8230;<\/li>\n<li><strong>COZYROOMS<\/strong>:<br \/>\nTodo tipo de productos relacionados con el descanso especializados en el sector CONTRACT,<br \/>\ncolchones, somieres, almohadas, bases, geriatr\u00eda&#8230;<\/li>\n<\/ul>\n","protected":false},"excerpt":{"rendered":"<p>Villaverde Mobiliario y Log\u00edstica Empresa ubicada en Burgos, en el P:I: de Villalonqu\u00e9jar, con m\u00e1s de 30 a\u00f1os de experiencia en el sector del mueble, ba\u00f1o y descanso, dedicada a la elaboraci\u00f3n, distribuci\u00f3n y comercializaci\u00f3n de todo tipo de productos tanto para para peque\u00f1os y medianos comercios como para todo lo relacionado con el sector [&hellip;]<\/p>\n","protected":false},"author":1,"featured_media":0,"parent":0,"menu_order":0,"comment_status":"closed","ping_status":"closed","template":"","meta":[],"_links":{"self":[{"href":"https:\/\/villaverdemobiliario.com\/index.php?rest_route=\/wp\/v2\/pages\/62"}],"collection":[{"href":"https:\/\/villaverdemobiliario.com\/index.php?rest_route=\/wp\/v2\/pages"}],"about":[{"href":"https:\/\/villaverdemobiliario.com\/index.php?rest_route=\/wp\/v2\/types\/page"}],"author":[{"embeddable":true,"href":"https:\/\/villaverdemobiliario.com\/index.php?rest_route=\/wp\/v2\/users\/1"}],"replies":[{"embeddable":true,"href":"https:\/\/villaverdemobiliario.com\/index.php?rest_route=%2Fwp%2Fv2%2Fcomments&post=62"}],"version-history":[{"count":10,"href":"https:\/\/villaverdemobiliario.com\/index.php?rest_route=\/wp\/v2\/pages\/62\/revisions"}],"predecessor-version":[{"id":156,"href":"https:\/\/villaverdemobiliario.com\/index.php?rest_route=\/wp\/v2\/pages\/62\/revisions\/156"}],"wp:attachment":[{"href":"https:\/\/villaverdemobiliario.com\/index.php?rest_route=%2Fwp%2Fv2%2Fmedia&parent=62"}],"curies":[{"name":"wp","href":"https:\/\/api.w.org\/{rel}","templated":true}]}}